{"id":1027,"date":"2019-01-18T03:03:07","date_gmt":"2019-01-18T03:03:07","guid":{"rendered":"http:\/\/www.semanbaker.com.mx\/site\/?page_id=1027"},"modified":"2019-08-26T15:45:08","modified_gmt":"2019-08-26T15:45:08","slug":"techos-para-escuelas","status":"publish","type":"page","link":"http:\/\/www.semanbaker.com.mx\/site\/techos-para-escuelas\/","title":{"rendered":"Techumbres para patio escolar"},"content":{"rendered":"\n<p>Dise\u00f1o, fabricaci\u00f3n y montaje de <strong>techos para escuela,<\/strong> <strong>techo de lona<\/strong>, <strong>cubiertas de lona y lona tensada.<\/strong><\/p>\n\n\n\n<p>En t\u00e9rminos de salud y <strong>salvaguarda de la comunidad escolar<\/strong> &nbsp;es de vital importancia contar con un <strong>\u00e1rea en exterior<\/strong> provista de una <strong>cubierta ligera<\/strong> para el desarrollo de diversas\nactividades escolares.<\/p>\n\n\n\n<p>La<strong> prevenci\u00f3n<\/strong> es la mejor estrategia para evitar algunos da\u00f1os\npermanentes en la salud causados por la exposici\u00f3n <strong>a los rayos solares<\/strong> en horario escolar.<\/p>\n\n\n\n<figure class=\"wp-block-image\"><img loading=\"lazy\" decoding=\"async\" width=\"1024\" height=\"626\" src=\"http:\/\/www.semanbaker.com.mx\/site\/wp-content\/uploads\/2019\/01\/Techo-para-escuela-1-1024x626.jpg\" alt=\"\" class=\"wp-image-1032\" srcset=\"http:\/\/www.semanbaker.com.mx\/site\/wp-content\/uploads\/2019\/01\/Techo-para-escuela-1-1024x626.jpg 1024w, http:\/\/www.semanbaker.com.mx\/site\/wp-content\/uploads\/2019\/01\/Techo-para-escuela-1-300x183.jpg 300w, http:\/\/www.semanbaker.com.mx\/site\/wp-content\/uploads\/2019\/01\/Techo-para-escuela-1-768x470.jpg 768w, http:\/\/www.semanbaker.com.mx\/site\/wp-content\/uploads\/2019\/01\/Techo-para-escuela-1.jpg 1500w\" sizes=\"auto, (max-width: 1024px) 100vw, 1024px\" \/><\/figure>\n\n\n\n<p>La <strong>escuela<\/strong> contar\u00e1 con un nuevo espacio &nbsp;para desarrollo de actividades como:<\/p>\n\n\n\n<ul class=\"wp-block-list\"><li>Asambleas y Consejos.<\/li><li>Ferias de ciencias<\/li><li>Eventos deportivos<\/li><li>Eventos culturales<\/li><li>Conciertos<\/li><li>Obras y representaciones teatrales, entre muchas\notras.<\/li><\/ul>\n\n\n\n<p>Beneficios a\u00f1adidos.<\/p>\n\n\n\n<ul class=\"wp-block-list\"><li>Renueva la Imagen de la instituci\u00f3n.<\/li><li>Modelo de financiamiento.<\/li><li>Es una reinversi\u00f3n patrimonial.<\/li><li>Mayor valor percibido que se traduce en\nconversi\u00f3n y en una colegiatura mejor tasada.<\/li><li>Compromiso y responsabilidad social de la\ninstituci\u00f3n ante la comunidad.<\/li><li>Deducibilidad.<\/li><\/ul>\n\n\n\n<p>Materiales garantizados.<\/p>\n\n\n\n<ul class=\"wp-block-list\"><li>Membrana arquitect\u00f3nica de importaci\u00f3n<\/li><li>Acero templado al carb\u00f3n. <\/li><\/ul>\n\n\n\n<p>Nuestros recursos humanos a su\nservicio.<\/p>\n\n\n\n<ul class=\"wp-block-list\"><li>Dise\u00f1o arquitect\u00f3nico e industrial.<\/li><li>Ingenier\u00eda.<\/li><li>C\u00e1lculo estructural<\/li><li>Personal altamente especializado en la\nfabricaci\u00f3n y colocaci\u00f3n de su<strong> cubierta<\/strong>.<\/li><\/ul>\n\n\n\n<figure class=\"wp-block-image\"><img loading=\"lazy\" decoding=\"async\" width=\"1024\" height=\"743\" src=\"http:\/\/www.semanbaker.com.mx\/site\/wp-content\/uploads\/2019\/01\/Techo-de-Lona-1-1024x743.jpg\" alt=\"\" class=\"wp-image-1033\" srcset=\"http:\/\/www.semanbaker.com.mx\/site\/wp-content\/uploads\/2019\/01\/Techo-de-Lona-1-1024x743.jpg 1024w, http:\/\/www.semanbaker.com.mx\/site\/wp-content\/uploads\/2019\/01\/Techo-de-Lona-1-300x218.jpg 300w, http:\/\/www.semanbaker.com.mx\/site\/wp-content\/uploads\/2019\/01\/Techo-de-Lona-1-768x557.jpg 768w, http:\/\/www.semanbaker.com.mx\/site\/wp-content\/uploads\/2019\/01\/Techo-de-Lona-1.jpg 1500w\" sizes=\"auto, (max-width: 1024px) 100vw, 1024px\" \/><\/figure>\n\n\n\n<p>Contamos tambi\u00e9n con <strong>Techo estacionamiento, fabricaci\u00f3n de\nmaquetas de arquitectura <\/strong>y muchas soluciones m\u00e1s.<\/p>\n\n\n\n<p>Llame ahora mismo. <\/p>\n\n\n\n<p>5545004633<\/p>\n\n\n\n<p>emaroto@semanbaker.com.mx<\/p>\n","protected":false},"excerpt":{"rendered":"<p>Dise\u00f1o, fabricaci\u00f3n y montaje de techos para escuela, techo de lona, cubiertas de lona y lona tensada. En t\u00e9rminos de salud y salvaguarda de la comunidad escolar &nbsp;es de vital importancia contar con un \u00e1rea en exterior provista de una cubierta ligera para el desarrollo de diversas actividades escolares. La prevenci\u00f3n es la mejor estrategia [&hellip;]<\/p>\n","protected":false},"author":1,"featured_media":0,"parent":0,"menu_order":0,"comment_status":"closed","ping_status":"closed","template":"","meta":{"footnotes":""},"class_list":["post-1027","page","type-page","status-publish","hentry"],"_links":{"self":[{"href":"http:\/\/www.semanbaker.com.mx\/site\/wp-json\/wp\/v2\/pages\/1027","targetHints":{"allow":["GET"]}}],"collection":[{"href":"http:\/\/www.semanbaker.com.mx\/site\/wp-json\/wp\/v2\/pages"}],"about":[{"href":"http:\/\/www.semanbaker.com.mx\/site\/wp-json\/wp\/v2\/types\/page"}],"author":[{"embeddable":true,"href":"http:\/\/www.semanbaker.com.mx\/site\/wp-json\/wp\/v2\/users\/1"}],"replies":[{"embeddable":true,"href":"http:\/\/www.semanbaker.com.mx\/site\/wp-json\/wp\/v2\/comments?post=1027"}],"version-history":[{"count":4,"href":"http:\/\/www.semanbaker.com.mx\/site\/wp-json\/wp\/v2\/pages\/1027\/revisions"}],"predecessor-version":[{"id":1061,"href":"http:\/\/www.semanbaker.com.mx\/site\/wp-json\/wp\/v2\/pages\/1027\/revisions\/1061"}],"wp:attachment":[{"href":"http:\/\/www.semanbaker.com.mx\/site\/wp-json\/wp\/v2\/media?parent=1027"}],"curies":[{"name":"wp","href":"https:\/\/api.w.org\/{rel}","templated":true}]}}

<p>Diseño, fabricación y montaje de <strong>techos para escuela,</strong> <strong>techo de lona</strong>, <strong>cubiertas de lona y lona tensada.</strong></p>



<p>En términos de salud y <strong>salvaguarda de la comunidad escolar</strong> &nbsp;es de vital importancia contar con un <strong>área en exterior</strong> provista de una <strong>cubierta ligera</strong> para el desarrollo de diversas
actividades escolares.</p>



<p>La<strong> prevención</strong> es la mejor estrategia para evitar algunos daños
permanentes en la salud causados por la exposición <strong>a los rayos solares</strong> en horario escolar.</p>



<figure class="wp-block-image"><img loading="lazy" decoding="async" width="1024" height="626" src="http://www.semanbaker.com.mx/site/wp-content/uploads/2019/01/Techo-para-escuela-1-1024x626.jpg" alt="" class="wp-image-1032" srcset="http://www.semanbaker.com.mx/site/wp-content/uploads/2019/01/Techo-para-escuela-1-1024x626.jpg 1024w, http://www.semanbaker.com.mx/site/wp-content/uploads/2019/01/Techo-para-escuela-1-300x183.jpg 300w, http://www.semanbaker.com.mx/site/wp-content/uploads/2019/01/Techo-para-escuela-1-768x470.jpg 768w, http://www.semanbaker.com.mx/site/wp-content/uploads/2019/01/Techo-para-escuela-1.jpg 1500w" sizes="auto, (max-width: 1024px) 100vw, 1024px" /></figure>



<p>La <strong>escuela</strong> contará con un nuevo espacio &nbsp;para desarrollo de actividades como:</p>



<ul class="wp-block-list"><li>Asambleas y Consejos.</li><li>Ferias de ciencias</li><li>Eventos deportivos</li><li>Eventos culturales</li><li>Conciertos</li><li>Obras y representaciones teatrales, entre muchas
otras.</li></ul>



<p>Beneficios añadidos.</p>



<ul class="wp-block-list"><li>Renueva la Imagen de la institución.</li><li>Modelo de financiamiento.</li><li>Es una reinversión patrimonial.</li><li>Mayor valor percibido que se traduce en
conversión y en una colegiatura mejor tasada.</li><li>Compromiso y responsabilidad social de la
institución ante la comunidad.</li><li>Deducibilidad.</li></ul>



<p>Materiales garantizados.</p>



<ul class="wp-block-list"><li>Membrana arquitectónica de importación</li><li>Acero templado al carbón. </li></ul>



<p>Nuestros recursos humanos a su
servicio.</p>



<ul class="wp-block-list"><li>Diseño arquitectónico e industrial.</li><li>Ingeniería.</li><li>Cálculo estructural</li><li>Personal altamente especializado en la
fabricación y colocación de su<strong> cubierta</strong>.</li></ul>



<figure class="wp-block-image"><img loading="lazy" decoding="async" width="1024" height="743" src="http://www.semanbaker.com.mx/site/wp-content/uploads/2019/01/Techo-de-Lona-1-1024x743.jpg" alt="" class="wp-image-1033" srcset="http://www.semanbaker.com.mx/site/wp-content/uploads/2019/01/Techo-de-Lona-1-1024x743.jpg 1024w, http://www.semanbaker.com.mx/site/wp-content/uploads/2019/01/Techo-de-Lona-1-300x218.jpg 300w, http://www.semanbaker.com.mx/site/wp-content/uploads/2019/01/Techo-de-Lona-1-768x557.jpg 768w, http://www.semanbaker.com.mx/site/wp-content/uploads/2019/01/Techo-de-Lona-1.jpg 1500w" sizes="auto, (max-width: 1024px) 100vw, 1024px" /></figure>



<p>Contamos también con <strong>Techo estacionamiento, fabricación de
maquetas de arquitectura </strong>y muchas soluciones más.</p>



<p>Llame ahora mismo. </p>



<p>5545004633</p>



<p>emaroto@semanbaker.com.mx</p>

<p>Diseño, fabricación y montaje de techos para escuela, techo de lona, cubiertas de lona y lona tensada. En términos de salud y salvaguarda de la comunidad escolar &nbsp;es de vital importancia contar con un área en exterior provista de una cubierta ligera para el desarrollo de diversas actividades escolares. La prevención es la mejor estrategia [&hellip;]</p>
