{"id":1066,"date":"2019-09-09T17:11:31","date_gmt":"2019-09-09T17:11:31","guid":{"rendered":"http:\/\/www.semanbaker.com.mx\/site\/?page_id=1066"},"modified":"2019-09-09T17:11:31","modified_gmt":"2019-09-09T17:11:31","slug":"renta-de-aire-acondicionado","status":"publish","type":"page","link":"http:\/\/www.semanbaker.com.mx\/site\/renta-de-aire-acondicionado\/","title":{"rendered":"RENTA DE AIRE ACONDICIONADO"},"content":{"rendered":"\n<h3 class=\"wp-block-heading\">Tenemos equipos de<strong> aire acondicionado en renta<\/strong> para climatizar recintos feriales, expos, carpas de mediano y gran formato, restaurantes, etc. Contamos con una amplia gama de equipos y unidades paquete de 5, 10, 20 y 25 Toneladas.<\/h3>\n\n\n\n<ul class=\"wp-block-gallery columns-3 is-cropped wp-block-gallery-1 is-layout-flex wp-block-gallery-is-layout-flex\"><li class=\"blocks-gallery-item\"><figure><img loading=\"lazy\" decoding=\"async\" width=\"1024\" height=\"768\" src=\"http:\/\/www.semanbaker.com.mx\/site\/wp-content\/uploads\/2019\/09\/7FA77F98-DA92-4916-92C3-FC481E481437-1024x768.jpg\" alt=\"\" data-id=\"1067\" data-link=\"http:\/\/www.semanbaker.com.mx\/site\/?attachment_id=1067\" class=\"wp-image-1067\" srcset=\"http:\/\/www.semanbaker.com.mx\/site\/wp-content\/uploads\/2019\/09\/7FA77F98-DA92-4916-92C3-FC481E481437-1024x768.jpg 1024w, http:\/\/www.semanbaker.com.mx\/site\/wp-content\/uploads\/2019\/09\/7FA77F98-DA92-4916-92C3-FC481E481437-300x225.jpg 300w, http:\/\/www.semanbaker.com.mx\/site\/wp-content\/uploads\/2019\/09\/7FA77F98-DA92-4916-92C3-FC481E481437-768x576.jpg 768w\" sizes=\"auto, (max-width: 1024px) 100vw, 1024px\" \/><\/figure><\/li><li class=\"blocks-gallery-item\"><figure><img loading=\"lazy\" decoding=\"async\" width=\"1024\" height=\"768\" src=\"http:\/\/www.semanbaker.com.mx\/site\/wp-content\/uploads\/2019\/09\/IMG_6429-1024x768.jpg\" alt=\"\" data-id=\"1068\" data-link=\"http:\/\/www.semanbaker.com.mx\/site\/?attachment_id=1068\" class=\"wp-image-1068\" srcset=\"http:\/\/www.semanbaker.com.mx\/site\/wp-content\/uploads\/2019\/09\/IMG_6429-1024x768.jpg 1024w, http:\/\/www.semanbaker.com.mx\/site\/wp-content\/uploads\/2019\/09\/IMG_6429-300x225.jpg 300w, http:\/\/www.semanbaker.com.mx\/site\/wp-content\/uploads\/2019\/09\/IMG_6429-768x576.jpg 768w\" sizes=\"auto, (max-width: 1024px) 100vw, 1024px\" \/><\/figure><\/li><li class=\"blocks-gallery-item\"><figure><img loading=\"lazy\" decoding=\"async\" width=\"1024\" height=\"768\" src=\"http:\/\/www.semanbaker.com.mx\/site\/wp-content\/uploads\/2019\/09\/IMG_6446-1024x768.jpg\" alt=\"\" data-id=\"1069\" data-link=\"http:\/\/www.semanbaker.com.mx\/site\/?attachment_id=1069\" class=\"wp-image-1069\" srcset=\"http:\/\/www.semanbaker.com.mx\/site\/wp-content\/uploads\/2019\/09\/IMG_6446-1024x768.jpg 1024w, http:\/\/www.semanbaker.com.mx\/site\/wp-content\/uploads\/2019\/09\/IMG_6446-300x225.jpg 300w, http:\/\/www.semanbaker.com.mx\/site\/wp-content\/uploads\/2019\/09\/IMG_6446-768x576.jpg 768w\" sizes=\"auto, (max-width: 1024px) 100vw, 1024px\" \/><\/figure><\/li><li class=\"blocks-gallery-item\"><figure><img loading=\"lazy\" decoding=\"async\" width=\"1024\" height=\"768\" src=\"http:\/\/www.semanbaker.com.mx\/site\/wp-content\/uploads\/2019\/09\/IMG_6462-1024x768.jpg\" alt=\"\" data-id=\"1070\" data-link=\"http:\/\/www.semanbaker.com.mx\/site\/?attachment_id=1070\" class=\"wp-image-1070\" srcset=\"http:\/\/www.semanbaker.com.mx\/site\/wp-content\/uploads\/2019\/09\/IMG_6462-1024x768.jpg 1024w, http:\/\/www.semanbaker.com.mx\/site\/wp-content\/uploads\/2019\/09\/IMG_6462-300x225.jpg 300w, http:\/\/www.semanbaker.com.mx\/site\/wp-content\/uploads\/2019\/09\/IMG_6462-768x576.jpg 768w\" sizes=\"auto, (max-width: 1024px) 100vw, 1024px\" \/><\/figure><\/li><\/ul>\n\n\n\n<p>Brinda a tus asistentes el confort que merece tu evento, la climatizaci\u00f3n es algo fundamental para el \u00e9xito de tu evento. Ll\u00e1manos hoy mismo. 5555191047 y 5555194261<\/p>\n","protected":false},"excerpt":{"rendered":"<p>Tenemos equipos de aire acondicionado en renta para climatizar recintos feriales, expos, carpas de mediano y gran formato, restaurantes, etc. Contamos con una amplia gama de equipos y unidades paquete de 5, 10, 20 y 25 Toneladas. Brinda a tus asistentes el confort que merece tu evento, la climatizaci\u00f3n es algo fundamental para el \u00e9xito [&hellip;]<\/p>\n","protected":false},"author":1,"featured_media":0,"parent":0,"menu_order":0,"comment_status":"closed","ping_status":"closed","template":"","meta":{"footnotes":""},"class_list":["post-1066","page","type-page","status-publish","hentry"],"_links":{"self":[{"href":"http:\/\/www.semanbaker.com.mx\/site\/wp-json\/wp\/v2\/pages\/1066","targetHints":{"allow":["GET"]}}],"collection":[{"href":"http:\/\/www.semanbaker.com.mx\/site\/wp-json\/wp\/v2\/pages"}],"about":[{"href":"http:\/\/www.semanbaker.com.mx\/site\/wp-json\/wp\/v2\/types\/page"}],"author":[{"embeddable":true,"href":"http:\/\/www.semanbaker.com.mx\/site\/wp-json\/wp\/v2\/users\/1"}],"replies":[{"embeddable":true,"href":"http:\/\/www.semanbaker.com.mx\/site\/wp-json\/wp\/v2\/comments?post=1066"}],"version-history":[{"count":1,"href":"http:\/\/www.semanbaker.com.mx\/site\/wp-json\/wp\/v2\/pages\/1066\/revisions"}],"predecessor-version":[{"id":1071,"href":"http:\/\/www.semanbaker.com.mx\/site\/wp-json\/wp\/v2\/pages\/1066\/revisions\/1071"}],"wp:attachment":[{"href":"http:\/\/www.semanbaker.com.mx\/site\/wp-json\/wp\/v2\/media?parent=1066"}],"curies":[{"name":"wp","href":"https:\/\/api.w.org\/{rel}","templated":true}]}}

<h3 class="wp-block-heading">Tenemos equipos de<strong> aire acondicionado en renta</strong> para climatizar recintos feriales, expos, carpas de mediano y gran formato, restaurantes, etc. Contamos con una amplia gama de equipos y unidades paquete de 5, 10, 20 y 25 Toneladas.</h3>



<ul class="wp-block-gallery columns-3 is-cropped wp-block-gallery-1 is-layout-flex wp-block-gallery-is-layout-flex"><li class="blocks-gallery-item"><figure><img loading="lazy" decoding="async" width="1024" height="768" src="http://www.semanbaker.com.mx/site/wp-content/uploads/2019/09/7FA77F98-DA92-4916-92C3-FC481E481437-1024x768.jpg" alt="" data-id="1067" data-link="http://www.semanbaker.com.mx/site/?attachment_id=1067" class="wp-image-1067" srcset="http://www.semanbaker.com.mx/site/wp-content/uploads/2019/09/7FA77F98-DA92-4916-92C3-FC481E481437-1024x768.jpg 1024w, http://www.semanbaker.com.mx/site/wp-content/uploads/2019/09/7FA77F98-DA92-4916-92C3-FC481E481437-300x225.jpg 300w, http://www.semanbaker.com.mx/site/wp-content/uploads/2019/09/7FA77F98-DA92-4916-92C3-FC481E481437-768x576.jpg 768w" sizes="auto, (max-width: 1024px) 100vw, 1024px" /></figure></li><li class="blocks-gallery-item"><figure><img loading="lazy" decoding="async" width="1024" height="768" src="http://www.semanbaker.com.mx/site/wp-content/uploads/2019/09/IMG_6429-1024x768.jpg" alt="" data-id="1068" data-link="http://www.semanbaker.com.mx/site/?attachment_id=1068" class="wp-image-1068" srcset="http://www.semanbaker.com.mx/site/wp-content/uploads/2019/09/IMG_6429-1024x768.jpg 1024w, http://www.semanbaker.com.mx/site/wp-content/uploads/2019/09/IMG_6429-300x225.jpg 300w, http://www.semanbaker.com.mx/site/wp-content/uploads/2019/09/IMG_6429-768x576.jpg 768w" sizes="auto, (max-width: 1024px) 100vw, 1024px" /></figure></li><li class="blocks-gallery-item"><figure><img loading="lazy" decoding="async" width="1024" height="768" src="http://www.semanbaker.com.mx/site/wp-content/uploads/2019/09/IMG_6446-1024x768.jpg" alt="" data-id="1069" data-link="http://www.semanbaker.com.mx/site/?attachment_id=1069" class="wp-image-1069" srcset="http://www.semanbaker.com.mx/site/wp-content/uploads/2019/09/IMG_6446-1024x768.jpg 1024w, http://www.semanbaker.com.mx/site/wp-content/uploads/2019/09/IMG_6446-300x225.jpg 300w, http://www.semanbaker.com.mx/site/wp-content/uploads/2019/09/IMG_6446-768x576.jpg 768w" sizes="auto, (max-width: 1024px) 100vw, 1024px" /></figure></li><li class="blocks-gallery-item"><figure><img loading="lazy" decoding="async" width="1024" height="768" src="http://www.semanbaker.com.mx/site/wp-content/uploads/2019/09/IMG_6462-1024x768.jpg" alt="" data-id="1070" data-link="http://www.semanbaker.com.mx/site/?attachment_id=1070" class="wp-image-1070" srcset="http://www.semanbaker.com.mx/site/wp-content/uploads/2019/09/IMG_6462-1024x768.jpg 1024w, http://www.semanbaker.com.mx/site/wp-content/uploads/2019/09/IMG_6462-300x225.jpg 300w, http://www.semanbaker.com.mx/site/wp-content/uploads/2019/09/IMG_6462-768x576.jpg 768w" sizes="auto, (max-width: 1024px) 100vw, 1024px" /></figure></li></ul>



<p>Brinda a tus asistentes el confort que merece tu evento, la climatización es algo fundamental para el éxito de tu evento. Llámanos hoy mismo. 5555191047 y 5555194261</p>

<p>Tenemos equipos de aire acondicionado en renta para climatizar recintos feriales, expos, carpas de mediano y gran formato, restaurantes, etc. Contamos con una amplia gama de equipos y unidades paquete de 5, 10, 20 y 25 Toneladas. Brinda a tus asistentes el confort que merece tu evento, la climatización es algo fundamental para el éxito [&hellip;]</p>
