{"id":12,"date":"2013-06-19T02:56:49","date_gmt":"2013-06-19T02:56:49","guid":{"rendered":"http:\/\/www.semanbaker.com.mx\/site\/?page_id=12"},"modified":"2015-11-23T22:52:08","modified_gmt":"2015-11-23T22:52:08","slug":"servicios","status":"publish","type":"page","link":"http:\/\/www.semanbaker.com.mx\/site\/servicios\/","title":{"rendered":"Servicios"},"content":{"rendered":"<p><a href=\"http:\/\/www.semanbaker.com.mx\/site\/wp-content\/uploads\/2013\/06\/Concierto_servicios.jpg\"><img loading=\"lazy\" decoding=\"async\" class=\"alignnone wp-image-971 size-full\" src=\"http:\/\/www.semanbaker.com.mx\/site\/wp-content\/uploads\/2013\/06\/Concierto_servicios.jpg\" alt=\"\" width=\"960\" height=\"360\" srcset=\"http:\/\/www.semanbaker.com.mx\/site\/wp-content\/uploads\/2013\/06\/Concierto_servicios.jpg 960w, http:\/\/www.semanbaker.com.mx\/site\/wp-content\/uploads\/2013\/06\/Concierto_servicios-300x113.jpg 300w\" sizes=\"auto, (max-width: 960px) 100vw, 960px\" \/><\/a> En SEMAN BAKER\u00ae nos preocupamos por que nuestros clientes cuenten con todo lo necesario para la realizaci\u00f3n de sus eventos, por lo que les ofrecemos una amplia gama de servicios, los cuales incluyen: \u00a0<\/p>\n<ul>\n<li><strong>Audio, video e iluminaci\u00f3n<\/strong> especial para su evento.<\/li>\n<li><strong>Escenarios<\/strong> giratorios y\/o m\u00f3viles.<\/li>\n<li><strong>Log\u00edstica para eventos<\/strong> sociales, empresariales, expos, ferias y espect\u00e1culos.<\/li>\n<li><strong>Dise\u00f1os a base de textiles.<\/strong><\/li>\n<li><strong>Equipos de climatizaci\u00f3n<\/strong> (Aire Acondicionado y Calefacci\u00f3n)<\/li>\n<li><strong>Renta de Mobiliario.<\/strong><\/li>\n<li><strong>Instalaci\u00f3n de cocinas y ba\u00f1os para eventos.<\/strong><\/li>\n<li><strong>Dise\u00f1o de Stands y Displays.<\/strong><\/li>\n<li><strong>Rotulaci\u00f3n con vinil.<\/strong><\/li>\n<li><strong>Desarrollo de proyectos arquitect\u00f3nicos.<\/strong><\/li>\n<li><strong>Remolques publicitarios<\/strong><\/li>\n<li><strong>Blob Launch<\/strong> (Vuela sobre el agua).<\/li>\n<li><strong>Entarimado y Alfombrado.<\/strong><\/li>\n<li><strong>Dise\u00f1o Gr\u00e1fico.<\/strong><\/li>\n<li><strong>Memorias de c\u00e1lculo.<\/strong><\/li>\n<li><strong>Estudio y foro de grabaci\u00f3n.<\/strong><\/li>\n<\/ul>\n<p>&nbsp;<\/p>\n<h2 style=\"text-align: center;\">\r\n\t<div class=\"slideshow_container slideshow_container_style-light\" style=\" \" data-slideshow-id=\"382\" data-style-name=\"style-light\" data-style-version=\"2.3.1\" >\r\n\r\n\t\t\t\t\t<div class=\"slideshow_loading_icon\"><\/div>\r\n\t\t\r\n\t\t<div class=\"slideshow_content\" style=\"display: none;\">\r\n\r\n\t\t\t<div class=\"slideshow_view\">\r\n\t\t\t\t<div class=\"slideshow_slide slideshow_slide_image\">\r\n\t\t\t\t\t\t\t\t\t\t\t<img src=\"http:\/\/www.semanbaker.com.mx\/site\/wp-content\/uploads\/2015\/11\/tunel1.jpg\" alt=\"tunel\" width=\"1500\" height=\"1038\" \/>\r\n\t\t\t\t\t\t\t\t\t\t<div class=\"slideshow_description_box slideshow_transparent\">\r\n\t\t\t\t\t\t<div class=\"slideshow_title\">tunel<\/div>\t\t\t\t\t\t\t\t\t\t\t<\/div>\r\n\t\t\t\t<\/div>\r\n\r\n\t\t\t\t\t\t<div style=\"clear: both;\"><\/div><\/div><div class=\"slideshow_view\">\r\n\t\t\t\t<div class=\"slideshow_slide slideshow_slide_image\">\r\n\t\t\t\t\t\t\t\t\t\t\t<img src=\"http:\/\/www.semanbaker.com.mx\/site\/wp-content\/uploads\/2015\/11\/STANDS_MA.jpg\" alt=\"STANDS_MA\" width=\"1500\" height=\"1038\" \/>\r\n\t\t\t\t\t\t\t\t\t\t<div class=\"slideshow_description_box slideshow_transparent\">\r\n\t\t\t\t\t\t<div class=\"slideshow_title\">STANDS_MA<\/div>\t\t\t\t\t\t\t\t\t\t\t<\/div>\r\n\t\t\t\t<\/div>\r\n\r\n\t\t\t\t\t\t<div style=\"clear: both;\"><\/div><\/div><div class=\"slideshow_view\">\r\n\t\t\t\t<div class=\"slideshow_slide slideshow_slide_image\">\r\n\t\t\t\t\t\t\t\t\t\t\t<img src=\"http:\/\/www.semanbaker.com.mx\/site\/wp-content\/uploads\/2015\/11\/SHOWS_MA.jpg\" alt=\"SHOWS_MA\" width=\"1500\" height=\"1038\" \/>\r\n\t\t\t\t\t\t\t\t\t\t<div class=\"slideshow_description_box slideshow_transparent\">\r\n\t\t\t\t\t\t<div class=\"slideshow_title\">SHOWS_MA<\/div>\t\t\t\t\t\t\t\t\t\t\t<\/div>\r\n\t\t\t\t<\/div>\r\n\r\n\t\t\t\t\t\t<div style=\"clear: both;\"><\/div><\/div><div class=\"slideshow_view\">\r\n\t\t\t\t<div class=\"slideshow_slide slideshow_slide_image\">\r\n\t\t\t\t\t\t\t\t\t\t\t<img src=\"http:\/\/www.semanbaker.com.mx\/site\/wp-content\/uploads\/2015\/11\/SHOWS-1_MA.jpg\" alt=\"SHOWS 1_MA\" width=\"1500\" height=\"1038\" \/>\r\n\t\t\t\t\t\t\t\t\t\t<div class=\"slideshow_description_box slideshow_transparent\">\r\n\t\t\t\t\t\t<div class=\"slideshow_title\">SHOWS 1_MA<\/div>\t\t\t\t\t\t\t\t\t\t\t<\/div>\r\n\t\t\t\t<\/div>\r\n\r\n\t\t\t\t\t\t<div style=\"clear: both;\"><\/div><\/div><div class=\"slideshow_view\">\r\n\t\t\t\t<div class=\"slideshow_slide slideshow_slide_image\">\r\n\t\t\t\t\t\t\t\t\t\t\t<img src=\"http:\/\/www.semanbaker.com.mx\/site\/wp-content\/uploads\/2015\/11\/ROTULACION-EN-VINIL.jpg\" alt=\"ROTULACION EN VINIL\" width=\"1200\" height=\"830\" \/>\r\n\t\t\t\t\t\t\t\t\t\t<div class=\"slideshow_description_box slideshow_transparent\">\r\n\t\t\t\t\t\t<div class=\"slideshow_title\">ROTULACION EN VINIL<\/div>\t\t\t\t\t\t\t\t\t\t\t<\/div>\r\n\t\t\t\t<\/div>\r\n\r\n\t\t\t\t\t\t<div style=\"clear: both;\"><\/div><\/div><div class=\"slideshow_view\">\r\n\t\t\t\t<div class=\"slideshow_slide slideshow_slide_image\">\r\n\t\t\t\t\t\t\t\t\t\t\t<img src=\"http:\/\/www.semanbaker.com.mx\/site\/wp-content\/uploads\/2015\/11\/RENTA-DE-MOBILIARIO_MA.jpg\" alt=\"RENTA DE MOBILIARIO_MA\" width=\"1500\" height=\"1038\" \/>\r\n\t\t\t\t\t\t\t\t\t\t<div class=\"slideshow_description_box slideshow_transparent\">\r\n\t\t\t\t\t\t<div class=\"slideshow_title\">RENTA DE MOBILIARIO_MA<\/div>\t\t\t\t\t\t\t\t\t\t\t<\/div>\r\n\t\t\t\t<\/div>\r\n\r\n\t\t\t\t\t\t<div style=\"clear: both;\"><\/div><\/div><div class=\"slideshow_view\">\r\n\t\t\t\t<div class=\"slideshow_slide slideshow_slide_image\">\r\n\t\t\t\t\t\t\t\t\t\t\t<img src=\"http:\/\/www.semanbaker.com.mx\/site\/wp-content\/uploads\/2015\/11\/RENTA-DE-MOBILIARIO-2_MA.jpg\" alt=\"RENTA DE MOBILIARIO 2_MA\" width=\"1500\" height=\"1038\" \/>\r\n\t\t\t\t\t\t\t\t\t\t<div class=\"slideshow_description_box slideshow_transparent\">\r\n\t\t\t\t\t\t<div class=\"slideshow_title\">RENTA DE MOBILIARIO 2_MA<\/div>\t\t\t\t\t\t\t\t\t\t\t<\/div>\r\n\t\t\t\t<\/div>\r\n\r\n\t\t\t\t\t\t<div style=\"clear: both;\"><\/div><\/div><div class=\"slideshow_view\">\r\n\t\t\t\t<div class=\"slideshow_slide slideshow_slide_image\">\r\n\t\t\t\t\t\t\t\t\t\t\t<img src=\"http:\/\/www.semanbaker.com.mx\/site\/wp-content\/uploads\/2015\/11\/REMOLQUE_MA.jpg\" alt=\"REMOLQUE_MA\" width=\"1500\" height=\"1038\" \/>\r\n\t\t\t\t\t\t\t\t\t\t<div class=\"slideshow_description_box slideshow_transparent\">\r\n\t\t\t\t\t\t<div class=\"slideshow_title\">REMOLQUE_MA<\/div>\t\t\t\t\t\t\t\t\t\t\t<\/div>\r\n\t\t\t\t<\/div>\r\n\r\n\t\t\t\t\t\t<div style=\"clear: both;\"><\/div><\/div><div class=\"slideshow_view\">\r\n\t\t\t\t<div class=\"slideshow_slide slideshow_slide_image\">\r\n\t\t\t\t\t\t\t\t\t\t\t<img src=\"http:\/\/www.semanbaker.com.mx\/site\/wp-content\/uploads\/2015\/11\/LICRAS_MA.jpg\" alt=\"LICRAS_MA\" width=\"1500\" height=\"1038\" \/>\r\n\t\t\t\t\t\t\t\t\t\t<div class=\"slideshow_description_box slideshow_transparent\">\r\n\t\t\t\t\t\t<div class=\"slideshow_title\">LICRAS_MA<\/div>\t\t\t\t\t\t\t\t\t\t\t<\/div>\r\n\t\t\t\t<\/div>\r\n\r\n\t\t\t\t\t\t<div style=\"clear: both;\"><\/div><\/div><div class=\"slideshow_view\">\r\n\t\t\t\t<div class=\"slideshow_slide slideshow_slide_image\">\r\n\t\t\t\t\t\t\t\t\t\t\t<img src=\"http:\/\/www.semanbaker.com.mx\/site\/wp-content\/uploads\/2015\/11\/ILUMINACION_MA.jpg\" alt=\"ILUMINACION_MA\" width=\"1500\" height=\"1038\" \/>\r\n\t\t\t\t\t\t\t\t\t\t<div class=\"slideshow_description_box slideshow_transparent\">\r\n\t\t\t\t\t\t<div class=\"slideshow_title\">ILUMINACION_MA<\/div>\t\t\t\t\t\t\t\t\t\t\t<\/div>\r\n\t\t\t\t<\/div>\r\n\r\n\t\t\t\t\t\t<div style=\"clear: both;\"><\/div><\/div><div class=\"slideshow_view\">\r\n\t\t\t\t<div class=\"slideshow_slide slideshow_slide_image\">\r\n\t\t\t\t\t\t\t\t\t\t\t<img src=\"http:\/\/www.semanbaker.com.mx\/site\/wp-content\/uploads\/2015\/11\/ESCENARIOS_MA.jpg\" alt=\"ESCENARIOS_MA\" width=\"1500\" height=\"1038\" \/>\r\n\t\t\t\t\t\t\t\t\t\t<div class=\"slideshow_description_box slideshow_transparent\">\r\n\t\t\t\t\t\t<div class=\"slideshow_title\">ESCENARIOS_MA<\/div>\t\t\t\t\t\t\t\t\t\t\t<\/div>\r\n\t\t\t\t<\/div>\r\n\r\n\t\t\t\t\t\t<div style=\"clear: both;\"><\/div><\/div><div class=\"slideshow_view\">\r\n\t\t\t\t<div class=\"slideshow_slide slideshow_slide_image\">\r\n\t\t\t\t\t\t\t\t\t\t\t<img src=\"http:\/\/www.semanbaker.com.mx\/site\/wp-content\/uploads\/2015\/11\/conoides_4_MA.jpg\" alt=\"conoides_4_MA\" width=\"1500\" height=\"1038\" \/>\r\n\t\t\t\t\t\t\t\t\t\t<div class=\"slideshow_description_box slideshow_transparent\">\r\n\t\t\t\t\t\t<div class=\"slideshow_title\">conoides_4_MA<\/div>\t\t\t\t\t\t\t\t\t\t\t<\/div>\r\n\t\t\t\t<\/div>\r\n\r\n\t\t\t\t\t\t<div style=\"clear: both;\"><\/div><\/div><div class=\"slideshow_view\">\r\n\t\t\t\t<div class=\"slideshow_slide slideshow_slide_image\">\r\n\t\t\t\t\t\t\t\t\t\t\t<img src=\"http:\/\/www.semanbaker.com.mx\/site\/wp-content\/uploads\/2015\/11\/conoides_2_MA.jpg\" alt=\"conoides_2_MA\" width=\"1500\" height=\"1038\" \/>\r\n\t\t\t\t\t\t\t\t\t\t<div class=\"slideshow_description_box slideshow_transparent\">\r\n\t\t\t\t\t\t<div class=\"slideshow_title\">conoides_2_MA<\/div>\t\t\t\t\t\t\t\t\t\t\t<\/div>\r\n\t\t\t\t<\/div>\r\n\r\n\t\t\t\t\t\t<div style=\"clear: both;\"><\/div><\/div><div class=\"slideshow_view\">\r\n\t\t\t\t<div class=\"slideshow_slide slideshow_slide_image\">\r\n\t\t\t\t\t\t\t\t\t\t\t<img src=\"http:\/\/www.semanbaker.com.mx\/site\/wp-content\/uploads\/2015\/11\/conoides-1_MA.jpg\" alt=\"conoides 1_MA\" width=\"1500\" height=\"1038\" \/>\r\n\t\t\t\t\t\t\t\t\t\t<div class=\"slideshow_description_box slideshow_transparent\">\r\n\t\t\t\t\t\t<div class=\"slideshow_title\">conoides 1_MA<\/div>\t\t\t\t\t\t\t\t\t\t\t<\/div>\r\n\t\t\t\t<\/div>\r\n\r\n\t\t\t\t\t\t<div style=\"clear: both;\"><\/div><\/div><div class=\"slideshow_view\">\r\n\t\t\t\t<div class=\"slideshow_slide slideshow_slide_image\">\r\n\t\t\t\t\t\t\t\t\t\t\t<img src=\"http:\/\/www.semanbaker.com.mx\/site\/wp-content\/uploads\/2015\/11\/conoide-3_MA.jpg\" alt=\"conoide 3_MA\" width=\"1500\" height=\"1038\" \/>\r\n\t\t\t\t\t\t\t\t\t\t<div class=\"slideshow_description_box slideshow_transparent\">\r\n\t\t\t\t\t\t<div class=\"slideshow_title\">conoide 3_MA<\/div>\t\t\t\t\t\t\t\t\t\t\t<\/div>\r\n\t\t\t\t<\/div>\r\n\r\n\t\t\t\t\t\t<div style=\"clear: both;\"><\/div><\/div><div class=\"slideshow_view\">\r\n\t\t\t\t<div class=\"slideshow_slide slideshow_slide_image\">\r\n\t\t\t\t\t\t\t\t\t\t\t<img src=\"http:\/\/www.semanbaker.com.mx\/site\/wp-content\/uploads\/2015\/11\/CLIMATIZACION_MA.jpg\" alt=\"CLIMATIZACION_MA\" width=\"1500\" height=\"1038\" \/>\r\n\t\t\t\t\t\t\t\t\t\t<div class=\"slideshow_description_box slideshow_transparent\">\r\n\t\t\t\t\t\t<div class=\"slideshow_title\">CLIMATIZACION_MA<\/div>\t\t\t\t\t\t\t\t\t\t\t<\/div>\r\n\t\t\t\t<\/div>\r\n\r\n\t\t\t\t\t\t<div style=\"clear: both;\"><\/div><\/div><div class=\"slideshow_view\">\r\n\t\t\t\t<div class=\"slideshow_slide slideshow_slide_image\">\r\n\t\t\t\t\t\t\t\t\t\t\t<img src=\"http:\/\/www.semanbaker.com.mx\/site\/wp-content\/uploads\/2015\/11\/BLOB-LAUNCH_MA.jpg\" alt=\"BLOB LAUNCH_MA\" width=\"1500\" height=\"1038\" \/>\r\n\t\t\t\t\t\t\t\t\t\t<div class=\"slideshow_description_box slideshow_transparent\">\r\n\t\t\t\t\t\t<div class=\"slideshow_title\">BLOB LAUNCH_MA<\/div>\t\t\t\t\t\t\t\t\t\t\t<\/div>\r\n\t\t\t\t<\/div>\r\n\r\n\t\t\t\t\t\t<div style=\"clear: both;\"><\/div><\/div><div class=\"slideshow_view\">\r\n\t\t\t\t<div class=\"slideshow_slide slideshow_slide_image\">\r\n\t\t\t\t\t\t\t\t\t\t\t<img src=\"http:\/\/www.semanbaker.com.mx\/site\/wp-content\/uploads\/2015\/11\/AUDIO_MA.jpg\" alt=\"AUDIO_MA\" width=\"1500\" height=\"1038\" \/>\r\n\t\t\t\t\t\t\t\t\t\t<div class=\"slideshow_description_box slideshow_transparent\">\r\n\t\t\t\t\t\t<div class=\"slideshow_title\">AUDIO_MA<\/div>\t\t\t\t\t\t\t\t\t\t\t<\/div>\r\n\t\t\t\t<\/div>\r\n\r\n\t\t\t\t\t\t<div style=\"clear: both;\"><\/div><\/div>\r\n\t\t<\/div>\r\n\r\n\t\t<div class=\"slideshow_controlPanel slideshow_transparent\" style=\"display: none;\"><ul><li class=\"slideshow_togglePlay\" data-play-text=\"Play\" data-pause-text=\"Pause\"><\/li><\/ul><\/div>\r\n\r\n\t\t<div class=\"slideshow_button slideshow_previous slideshow_transparent\" role=\"button\" data-previous-text=\"Previous\" style=\"display: none;\"><\/div>\r\n\t\t<div class=\"slideshow_button slideshow_next slideshow_transparent\" role=\"button\" data-next-text=\"Next\" style=\"display: none;\"><\/div>\r\n\r\n\t\t<div class=\"slideshow_pagination\" style=\"display: none;\" data-go-to-text=\"Go to slide\"><div class=\"slideshow_pagination_center\"><\/div><\/div>\r\n\r\n\t\t<!-- WordPress Slideshow Version 2.3.1 -->\r\n\r\n\t\t\t<\/div>\r\n\r\n<\/h2>\n<p>&nbsp;<\/p>\n<p style=\"text-align: center;\"><a href='http:\/\/www.semanbaker.com.mx\/site\/contacto\/' class='small-button smallblue'>CONT\u00c1CTANOS<\/a><\/p>\n","protected":false},"excerpt":{"rendered":"<p>En SEMAN BAKER\u00ae nos preocupamos por que nuestros clientes cuenten con todo lo necesario para la realizaci\u00f3n de sus eventos, por lo que les ofrecemos una amplia gama de servicios, los cuales incluyen: \u00a0 Audio, video e iluminaci\u00f3n especial para su evento. Escenarios giratorios y\/o m\u00f3viles. Log\u00edstica para eventos sociales, empresariales, expos, ferias y espect\u00e1culos. [&hellip;]<\/p>\n","protected":false},"author":1,"featured_media":0,"parent":0,"menu_order":2,"comment_status":"open","ping_status":"open","template":"","meta":{"footnotes":""},"class_list":["post-12","page","type-page","status-publish","hentry"],"_links":{"self":[{"href":"http:\/\/www.semanbaker.com.mx\/site\/wp-json\/wp\/v2\/pages\/12","targetHints":{"allow":["GET"]}}],"collection":[{"href":"http:\/\/www.semanbaker.com.mx\/site\/wp-json\/wp\/v2\/pages"}],"about":[{"href":"http:\/\/www.semanbaker.com.mx\/site\/wp-json\/wp\/v2\/types\/page"}],"author":[{"embeddable":true,"href":"http:\/\/www.semanbaker.com.mx\/site\/wp-json\/wp\/v2\/users\/1"}],"replies":[{"embeddable":true,"href":"http:\/\/www.semanbaker.com.mx\/site\/wp-json\/wp\/v2\/comments?post=12"}],"version-history":[{"count":42,"href":"http:\/\/www.semanbaker.com.mx\/site\/wp-json\/wp\/v2\/pages\/12\/revisions"}],"predecessor-version":[{"id":972,"href":"http:\/\/www.semanbaker.com.mx\/site\/wp-json\/wp\/v2\/pages\/12\/revisions\/972"}],"wp:attachment":[{"href":"http:\/\/www.semanbaker.com.mx\/site\/wp-json\/wp\/v2\/media?parent=12"}],"curies":[{"name":"wp","href":"https:\/\/api.w.org\/{rel}","templated":true}]}}